{"id":13356,"date":"2020-07-08T09:32:25","date_gmt":"2020-07-08T09:32:25","guid":{"rendered":"https:\/\/laptitesellerie.com\/?post_type=product&#038;p=13356"},"modified":"2024-11-29T06:49:55","modified_gmt":"2024-11-29T06:49:55","slug":"pantalon-djerba-riding-world","status":"publish","type":"product","link":"https:\/\/laptitesellerie.com\/?product=pantalon-djerba-riding-world","title":{"rendered":"Pantalon Djerba- Riding World"},"content":{"rendered":"<p>Pantalon <strong>style maille<\/strong>, grand <strong>confort d&#8217;utilisation<\/strong> par temps chaud.<\/p>\n<p>Coupe droite pr\u00e8s du corps avec <strong>fond d\u00e9coup\u00e9 et basanes tissu<\/strong>.<\/p>\n<p>Poche zipp\u00e9e \u00e0 l&#8217;avant droit.<\/p>\n<p>Ceinture antid\u00e9rapante \u00e0 passants, fermeture \u00e0 crochet, bas extensibles en \u00e9lasthanne.<\/p>\n<p>Composition : 95 % coton, 5 % \u00e9lasthanne. Lavable en machine \u00e0 40\u00b0C.<\/p>\n","protected":false},"excerpt":{"rendered":"<p><a href=\"http:\/\/laptitesellerie.com\/wp-content\/uploads\/2016\/12\/coeur.png\"><img decoding=\"async\" loading=\"lazy\" class=\"alignnone size-full wp-image-425\" src=\"http:\/\/laptitesellerie.com\/wp-content\/uploads\/2016\/12\/coeur.png\" alt=\"\" width=\"22\" height=\"19\" \/><\/a> \u00a0<strong>Confortable<\/strong><br \/>\n<a href=\"http:\/\/laptitesellerie.com\/wp-content\/uploads\/2016\/12\/pouce-1.png\"><img decoding=\"async\" loading=\"lazy\" class=\"alignnone size-full wp-image-428\" src=\"http:\/\/laptitesellerie.com\/wp-content\/uploads\/2016\/12\/pouce-1.png\" alt=\"\" width=\"22\" height=\"22\" \/><\/a> \u00a0<strong>Economique<\/strong><\/p>\n","protected":false},"featured_media":13364,"comment_status":"closed","ping_status":"closed","template":"","meta":{"_themeisle_gutenberg_block_has_review":false},"product_cat":[891,841],"product_tag":[],"_links":{"self":[{"href":"https:\/\/laptitesellerie.com\/index.php?rest_route=\/wp\/v3\/product\/13356"}],"collection":[{"href":"https:\/\/laptitesellerie.com\/index.php?rest_route=\/wp\/v3\/product"}],"about":[{"href":"https:\/\/laptitesellerie.com\/index.php?rest_route=\/wp\/v2\/types\/product"}],"replies":[{"embeddable":true,"href":"https:\/\/laptitesellerie.com\/index.php?rest_route=%2Fwp%2Fv2%2Fcomments&post=13356"}],"wp:featuredmedia":[{"embeddable":true,"href":"https:\/\/laptitesellerie.com\/index.php?rest_route=\/wp\/v2\/media\/13364"}],"wp:attachment":[{"href":"https:\/\/laptitesellerie.com\/index.php?rest_route=%2Fwp%2Fv2%2Fmedia&parent=13356"}],"wp:term":[{"taxonomy":"product_cat","embeddable":true,"href":"https:\/\/laptitesellerie.com\/index.php?rest_route=%2Fwp%2Fv2%2Fproduct_cat&post=13356"},{"taxonomy":"product_tag","embeddable":true,"href":"https:\/\/laptitesellerie.com\/index.php?rest_route=%2Fwp%2Fv2%2Fproduct_tag&post=13356"}],"curies":[{"name":"wp","href":"https:\/\/api.w.org\/{rel}","templated":true}]}}