{"id":18396,"date":"2023-03-21T15:04:45","date_gmt":"2023-03-21T15:04:45","guid":{"rendered":"https:\/\/laptitesellerie.com\/?post_type=product&#038;p=18396"},"modified":"2025-07-22T22:15:21","modified_gmt":"2025-07-22T22:15:21","slug":"guides-synthetiques-finntack","status":"publish","type":"product","link":"https:\/\/laptitesellerie.com\/?product=guides-synthetiques-finntack","title":{"rendered":"Guides \u00e0 \u00e9chelles synth\u00e9tiques &#8211; Finntack"},"content":{"rendered":"<p>Guides synth\u00e9tiques en mat\u00e9riau beta termin\u00e9s par des mains de guide. Porte mors en acier inoxydable pour plus de s\u00e9curit\u00e9. Existe en deux coloris et en deux tailles.\u00a0Longueur moyenne = 4.5m.\u00a0Grande longueur = 5.5m.<\/p>\n<h3>Description technique:<\/h3>\n<p>Vos ici les mesures de nos guides b\u00eata, lorsque la poign\u00e9e est serr\u00e9e \u00e0 fond :\u00a0Taille M : 1600 mm.<\/p>\n","protected":false},"excerpt":{"rendered":"<p><a href=\"http:\/\/laptitesellerie.com\/wp-content\/uploads\/2016\/12\/pouce-1.png\"><img decoding=\"async\" loading=\"lazy\" class=\"alignnone size-full wp-image-428\" src=\"http:\/\/laptitesellerie.com\/wp-content\/uploads\/2016\/12\/pouce-1.png\" alt=\"\" width=\"22\" height=\"22\" \/><\/a><b>\u00a0 Synth\u00e9tique<\/b><br \/>\n<a href=\"http:\/\/laptitesellerie.com\/wp-content\/uploads\/2016\/12\/coeur.png\"><img decoding=\"async\" loading=\"lazy\" class=\"alignnone size-full wp-image-425\" src=\"http:\/\/laptitesellerie.com\/wp-content\/uploads\/2016\/12\/coeur.png\" alt=\"\" width=\"22\" height=\"19\" \/><\/a><strong>\u00a0 Facile \u00e0 nettoyer<br \/>\n<\/strong><\/p>\n","protected":false},"featured_media":18412,"comment_status":"closed","ping_status":"closed","template":"","meta":{"_themeisle_gutenberg_block_has_review":false},"product_cat":[1176],"product_tag":[],"_links":{"self":[{"href":"https:\/\/laptitesellerie.com\/index.php?rest_route=\/wp\/v3\/product\/18396"}],"collection":[{"href":"https:\/\/laptitesellerie.com\/index.php?rest_route=\/wp\/v3\/product"}],"about":[{"href":"https:\/\/laptitesellerie.com\/index.php?rest_route=\/wp\/v2\/types\/product"}],"replies":[{"embeddable":true,"href":"https:\/\/laptitesellerie.com\/index.php?rest_route=%2Fwp%2Fv2%2Fcomments&post=18396"}],"wp:featuredmedia":[{"embeddable":true,"href":"https:\/\/laptitesellerie.com\/index.php?rest_route=\/wp\/v2\/media\/18412"}],"wp:attachment":[{"href":"https:\/\/laptitesellerie.com\/index.php?rest_route=%2Fwp%2Fv2%2Fmedia&parent=18396"}],"wp:term":[{"taxonomy":"product_cat","embeddable":true,"href":"https:\/\/laptitesellerie.com\/index.php?rest_route=%2Fwp%2Fv2%2Fproduct_cat&post=18396"},{"taxonomy":"product_tag","embeddable":true,"href":"https:\/\/laptitesellerie.com\/index.php?rest_route=%2Fwp%2Fv2%2Fproduct_tag&post=18396"}],"curies":[{"name":"wp","href":"https:\/\/api.w.org\/{rel}","templated":true}]}}