{"id":19801,"date":"2023-05-05T06:12:54","date_gmt":"2023-05-05T06:12:54","guid":{"rendered":"https:\/\/laptitesellerie.com\/?post_type=product&#038;p=19801"},"modified":"2025-05-13T10:18:55","modified_gmt":"2025-05-13T10:18:55","slug":"doudoune-sans-manche-lps","status":"publish","type":"product","link":"https:\/\/laptitesellerie.com\/?product=doudoune-sans-manche-lps","title":{"rendered":"Doudoune sans Manche &#8211; LPS"},"content":{"rendered":"<p>Doudoune sans manche LPS, broderie c\u00f4t\u00e9 coeur contrast\u00e9 et ton sur ton dans le dos pour de l&#8217;\u00e9l\u00e9gance et de la discr\u00e9tion !<\/p>\n<p>Se resserre \u00e0 la taille gr\u00e2ce \u00e0 ces deux \u00e9lastiques, deux poches \u00e0 zip, \u00e9cusson en cuir marqu\u00e9 LPS<\/p>\n<p>100% Polyester<\/p>\n","protected":false},"excerpt":{"rendered":"<p><a href=\"http:\/\/laptitesellerie.com\/wp-content\/uploads\/2016\/12\/pouce-1.png\"><img decoding=\"async\" loading=\"lazy\" class=\"alignnone size-full wp-image-428\" src=\"http:\/\/laptitesellerie.com\/wp-content\/uploads\/2016\/12\/pouce-1.png\" alt=\"\" width=\"22\" height=\"22\" \/><\/a><strong>\u00a0 Se resserre \u00e0 la taille<\/strong><\/p>\n<p><img decoding=\"async\" loading=\"lazy\" class=\"alignnone size-full wp-image-425\" src=\"http:\/\/laptitesellerie.com\/wp-content\/uploads\/2016\/12\/coeur.png\" alt=\"\" width=\"22\" height=\"19\" \/>\u00a0 \u00a0<strong>Broderie ton sur ton<\/strong><\/p>\n<p>&nbsp;<\/p>\n<p>&nbsp;<\/p>\n","protected":false},"featured_media":19806,"comment_status":"closed","ping_status":"closed","template":"","meta":{"_themeisle_gutenberg_block_has_review":false},"product_cat":[833,1200],"product_tag":[],"_links":{"self":[{"href":"https:\/\/laptitesellerie.com\/index.php?rest_route=\/wp\/v3\/product\/19801"}],"collection":[{"href":"https:\/\/laptitesellerie.com\/index.php?rest_route=\/wp\/v3\/product"}],"about":[{"href":"https:\/\/laptitesellerie.com\/index.php?rest_route=\/wp\/v2\/types\/product"}],"replies":[{"embeddable":true,"href":"https:\/\/laptitesellerie.com\/index.php?rest_route=%2Fwp%2Fv2%2Fcomments&post=19801"}],"wp:featuredmedia":[{"embeddable":true,"href":"https:\/\/laptitesellerie.com\/index.php?rest_route=\/wp\/v2\/media\/19806"}],"wp:attachment":[{"href":"https:\/\/laptitesellerie.com\/index.php?rest_route=%2Fwp%2Fv2%2Fmedia&parent=19801"}],"wp:term":[{"taxonomy":"product_cat","embeddable":true,"href":"https:\/\/laptitesellerie.com\/index.php?rest_route=%2Fwp%2Fv2%2Fproduct_cat&post=19801"},{"taxonomy":"product_tag","embeddable":true,"href":"https:\/\/laptitesellerie.com\/index.php?rest_route=%2Fwp%2Fv2%2Fproduct_tag&post=19801"}],"curies":[{"name":"wp","href":"https:\/\/api.w.org\/{rel}","templated":true}]}}