{"id":19847,"date":"2023-05-15T08:41:47","date_gmt":"2023-05-15T08:41:47","guid":{"rendered":"https:\/\/laptitesellerie.com\/?post_type=product&#038;p=19847"},"modified":"2024-11-29T06:43:50","modified_gmt":"2024-11-29T06:43:50","slug":"legging-noir-lps","status":"publish","type":"product","link":"https:\/\/laptitesellerie.com\/?product=legging-noir-lps","title":{"rendered":"Legging Noir &#8211; LPS"},"content":{"rendered":"<p>Legging LPS double poche sur le c\u00f4t\u00e9 dont une brod\u00e9 contrast\u00e9 LPS, \u00e9cusson en cuir sur la ceinture, Large ceinture<\/p>\n<p>Attention taille un peu grand, prendre une taille en dessous de celle habituelle<\/p>\n<p>Produit :\u00a0<strong>5%<\/strong>\u00a0\u00c9lasthanne &#8211;\u00a0<strong>95%<\/strong>\u00a0Polyester<\/p>\n","protected":false},"excerpt":{"rendered":"<p><a href=\"http:\/\/laptitesellerie.com\/wp-content\/uploads\/2016\/12\/pouce-1.png\"><img decoding=\"async\" loading=\"lazy\" class=\"alignnone size-full wp-image-428\" src=\"http:\/\/laptitesellerie.com\/wp-content\/uploads\/2016\/12\/pouce-1.png\" alt=\"\" width=\"22\" height=\"22\" \/><\/a><strong>\u00a0 Poches<\/strong><\/p>\n<p><img decoding=\"async\" loading=\"lazy\" class=\"alignnone size-full wp-image-425\" src=\"http:\/\/laptitesellerie.com\/wp-content\/uploads\/2016\/12\/coeur.png\" alt=\"\" width=\"22\" height=\"19\" \/>\u00a0 \u00a0<strong>Confortable<\/strong><\/p>\n<p>&nbsp;<\/p>\n<p>&nbsp;<\/p>\n","protected":false},"featured_media":19853,"comment_status":"closed","ping_status":"closed","template":"","meta":{"_themeisle_gutenberg_block_has_review":false},"product_cat":[1199,836],"product_tag":[],"_links":{"self":[{"href":"https:\/\/laptitesellerie.com\/index.php?rest_route=\/wp\/v3\/product\/19847"}],"collection":[{"href":"https:\/\/laptitesellerie.com\/index.php?rest_route=\/wp\/v3\/product"}],"about":[{"href":"https:\/\/laptitesellerie.com\/index.php?rest_route=\/wp\/v2\/types\/product"}],"replies":[{"embeddable":true,"href":"https:\/\/laptitesellerie.com\/index.php?rest_route=%2Fwp%2Fv2%2Fcomments&post=19847"}],"wp:featuredmedia":[{"embeddable":true,"href":"https:\/\/laptitesellerie.com\/index.php?rest_route=\/wp\/v2\/media\/19853"}],"wp:attachment":[{"href":"https:\/\/laptitesellerie.com\/index.php?rest_route=%2Fwp%2Fv2%2Fmedia&parent=19847"}],"wp:term":[{"taxonomy":"product_cat","embeddable":true,"href":"https:\/\/laptitesellerie.com\/index.php?rest_route=%2Fwp%2Fv2%2Fproduct_cat&post=19847"},{"taxonomy":"product_tag","embeddable":true,"href":"https:\/\/laptitesellerie.com\/index.php?rest_route=%2Fwp%2Fv2%2Fproduct_tag&post=19847"}],"curies":[{"name":"wp","href":"https:\/\/api.w.org\/{rel}","templated":true}]}}